+ 7 - 11.
-10
What is (-6 - 12) + 9 + 12 + -16?
-13
9 + 7 + -18 + 11 - 5
4
What is the value of -6 + (-3 - -9) + -1 - -2 - 4?
-3
34 - (-20 + 29) - 16
9
Evaluate (-2 - -10) + -2 + -525 + 512.
-7
-28 + 28 + -12 + -6
-18
Calculate 25 + (3 - 25) + -23.
-20
-3 - (-3 + -3) - (-29 - -9)
23
Calculate (12 + 6 - 6) + -25 + 2.
-11
524 + -526 + (1 - 1 - 28 - 0)
-30
What is the value of -18 + 20 + ((0 - 23) + 4 - -3)?
-14
Evaluate -64 + 77 + (-3 - -2).
12
Calculate -1 + -7 - (-13 + 0 - (-7 - -1)).
-1
Evaluate -9 + 3 - -7 - (-1 - 4) - 7.
-1
8 + (-10 - (-1 - 21))
20
What is -2 - -25 - ((-42 - -20) + 17)?
28
Evaluate 20 + 10 + (-11 - (-4 - -10)).
13
What is the value of (2 + -4 - (-15 + 8)) + 4 + -1?
8
5 + 0 - (14 - 27 - -2)
16
Calculate (88 - 28 - 12) + -8.
40
Calculate (-6 + -1 - -15) + (19 - 5).
22
Evaluate (-6 - -4) + 6 - (-1 + (-2 - -3)).
4
Calculate 11 - 24 - -5 - (-6 + 3) - -8.
3
Evaluate (88 - 169) + 67 + (0 - (1 - 9)).
-6
What is the value of -9 + (-11 - -7 - 2 - (-4 + 1))?
-12
Evaluate -1 + (3 - 8) + -61 + 58.
-9
Calculate -2 + -31 + -12 + (7 - -8).
-30
Calculate -1 + -4 - ((-11 - (4 - 7)) + 2).
1
Evaluate 9 - (5 + -8) - -1.
13
-16 - (11 + (10 - 20))
-17
Evaluate -8 + 5 + 0 + -10 + 1.
-12
16 + (-1 + -1 - (381 - 365))
-2
What is the value of -3 - (1 - (1 - 1) - -3)?
-7
47 - (0 + (5 - -12) + -2)
32
(24 - 14) + -8 + -27
-25
Calculate (0 - (-1 - (7 + -5))) + -4.
-1
-15 - (-12 - -7 - 1) - -11
2
-13 - (1 - (-11 - -28))
3
What is (-2 + -12 + 6 - -4) + 4?
0
What is -2 - ((46 - 47) + 1 + (1 - -2))?
-5
Evaluate -22 - -28 - (-2 - (2 + -24)).
-14
Evaluate -226 - -191 - (-51 - -4).
12
Evaluate 12 - 3 - (1 + (-1 - (-2 - 0))).
7
What is the value of -7 + -25 + 41 + (-12 - -2) - 1?
-2
-8 - (7 - (-52 - -50 - (1 + -7)))
-11
What is 0 + 2 - (1 + 5 + 2 + -8)?
2
What is -2003 + 2079 + (-1 - 41)?
34
What is 6 - (-13 - -24) - (-8 - 1 - -1)?
3
What is the value of 11 + -5 - (27 + -20) - 26?
-27
((5 - 6) + -4 - -3) + -6 + 7
-1
Calculate -21 + 5 + (-1 - (6 + -9)).
-14
8 - (25 + 5 + -14)
-8
What is (-22 - -2) + (9 - 1)?
-12
What is the value of -47 - -83 - (7 + 10)?
19
613 - 607 - (-10 + (0 - 0))
16
(-7 + -9 - -11) + (-9 - -2)
-12
1 + 21 + (-11 - (5 + -7 + 0))
13
What is (367 - 354 - (-1 + 13)) + 26?
27
Calculate -10 + (18 - 5) + -1 + 0 - -6.
8
What is 1 + -44 + 65 + 8 + -5?
25
Calculate -20 - (7 + (22 + -17 - (-3 - -4))).
-31
What is 11 + -28 - -14 - -16 - 9?
4
39 + -19 + -23 + 20
17
What is the value of -34 + 15 + 4 + 2 + -2 + -2?
-17
Calculate (13 - 1 - -2) + (9 - 14).
9
-14 + (-18 - -52 - 22)
-2
Evaluate (7 - 15) + -22 + 18.
-12
9 + -9 + 9 - ((-18 - -1) + 0)
26
What is the value of 3 + 13 + (11 + 2 - 5 - 2)?
22
Evaluate 3 - ((6 + -2 + -11 - 0) + 4).
6
Calculate (25 - (-18 - -48)) + -1 + 6 - 4.
-4
Evaluate (-6 - (-2 + -8 + 8 + 5)) + 7.
-2
(103 - 95) + -6 + 1 + -1 + 1
3
4 + 4 + 2 + -7 + -7
-4
What is -2 - -31 - (63 - -1)?
-35
Calculate (-10 - (-9 - (-4 - 4))) + -4.
-13
Evaluate -8 + 1 - (-6 + 1 + 12).
-14
What is the value of -8 + (-2 - (4 + (-2 - 0))) + -1?
-13
What is 2 - (0 - (-18 - -6 - -12))?
2
(0 - (-28 - 0)) + (-3 - (-77 - -81))
21
Evaluate (-20 - (31 - 36)) + 1.
-14
What is the value of -2 + -14 + 17 + 2 + 0?
3
What is the value of (-35 - -58) + -19 + 1?
5
What is the value of 13 + 8 + -2 + (-3 - 4) - -24?
36
What is the value of 1 - 2 - 3 - (8 - (4 - -1))?
-7
What is (-25 - -36) + (-7 - (4 - 6)) - 19?
-13
What is the value of 1 + (23 - 12) + -10 - (-1 + -5)?
8
What is the value of (-2 - 7 - -15) + 10 - -6 - 4?
18
What is 0 - -1 - (-8 + -5)?
14
Evaluate ((5 - 6 - 0) + -5 - -1) + -7.
-12
What is 1 - 1 - (2 + 13 + -10)?
-5
Calculate 5 - (14 + -4 - 19).
14
What is 8 + -23 - 0 - ((11 - 5) + 1)?
-22
What is the value of 13 - 1 - (20 + -45 + 14 + 16)?
7
What is (7 - (5 + 15) - 5) + 2?
-16
Calculate 10 - (11 + 3 - 3 - 15).
14
Evaluate 4 + -3 - ((4 - 1 - 0) + -8).
6
What is -338 - -326 - (3 + 15 - -1 - 3)?
-28
-2 + -3 - (14 + -7 + -3) - -2
-7
What is 43 - (-35 + 0 + 43)?
35
What is the value of 0 + (4 - -3) - 2 - 3 - -8?
10
Evaluate 7 + (-8 + -6 - -29) + -8.
14
Evaluate 11 + -9 + 10 + -17.
-5
5 + 13 + -10 + (-1 - 1 - -1)
7
What is -22 + -1 - (11 + (9 + -14 - 3))?
-26
Evaluate 7 + -23 + (4 - (-4 + 6 + 3)).
-17
What is the value of -21 + 18 + -1 + 2 + -4 + 2?
-4
Evaluate 9 + -11 + 4 + -29 + 5.
-22
-37 + (-14 - (15 + -52))
-14
What is the value of -338 + 357 + -1 + -9 - (31 + 0)?
-22
Calculate 2 + (4 - 25) + 0.
-19
Calculate 0 + 1 + 40 + -18.
23
Calculate -2 + (4 - 11) + 9 - 5.
-5
Calculate -7 - (33 + -38 - (2 - 4)).
-4
What is the value of 50 + (-40 - -28) - (-5 - -16)?
27
What is the value of 6 + -18 + 20 - 17?
-9
What is (2 - 32) + (-43 - -45)?
-28
What is 2 + 8 - 5 - 12 - -8?
1
What is 5 + -2 - (39 - (-14 - -34))?
-16
Calculate 0 + 2 + -1 + -3 + (6 - -3).
7
Evaluate -13 - -21 - (0 + 2 + (-22 - -44)).
-16
What is (4 - (1 - 5 - -15)) + 8 - 9?
-8
Calculate 20 + -10 - (-5 + (1 - -34) - 4).
-16
Calculate 2 + -7 + 47 + -35.
7
Evaluate (43 - 38) + 2 + 1 - 17.
-9
What is (-8 + 1 + 2 + 6 - -5) + -21?
-15
What is the value of (221 - 229) + (0 - -15)?
7
Calculate 1 + 7 + (11 - (-10 - -26)).
3
17 + (-8 - -5) + (-13 - -7) + -5
3
Calculate -395 + 398 - ((-2 - -6) + 2).
-3
19 + (41 - 15 - 57)
-12
What is the value of 3 + (48 - 25) + -25?
1
2 - (0 - -3 - (-140 + 116))
-25
Evaluate (-2 - 1) + 1 + (2 - (6 + -7)).
1
Calculate 9 + (-8 - (8 - 10)) + 10.
13
What is 0 + 5 - -2 - (2025 - 2011)?
-7
Calculate -1 + -7 + 1 + 1 + (-72 - -68).
-10
What is the value of (-14 - -23) + (-8 - -6)?
7
Calculate 0 + 6 - (-23 - -23).
6
-44 + 23 + (39 - 0)
18
What is the value of 5 + (4 - 15) + (-8 - -6)?
-8
14 + (-14 - 3) + 15
12
What is 7 - (11 + -1 - ((12 - 8) + -15))?
-14
What is the value of 47 + -12 + -37 - (-10 - 0)?
8
Evaluate -2 + (-5 - (-7 - -7)).
-7
Evaluate -7 - (-7 + -6 + 15) - 11.
-20
Evaluate -14 + -10 + 9 + 3.
-12
Calculate -4 + -1 + 0 + -1 - (-24 - 0).
18
13 - (-6 + -12 + 3 + (27 - 1))
2
What is (-4 - -16) + 3 - 29?
-14
What is the value of 22 + (-1 - -4) + -16 + 4?
13
Evaluate 26 + (-30 - -2) + -5.
-7
(0 - -9) + (757 - 747)
19
What is 3 - (0 - -4) - (-6 - (-4 - -2))?
3
What is the value of 6 + (-1 - (-10 + 16)) - 12?
-13
(15 - 29) + 13 + -1 + (3 - 2)
-1
What is (-164 - -168) + 4 + -24?
-16
What is the value of (2 - -1 - (7 - 3)) + (2 - -21)?
22
What is 744 - 733 - (1 + -5 - -1)?
14
Calculate 33 + -30 + 16 + 11 + (1 - 6).
25
Calculate 64 + -62 - (-3 + 8).
-3
-13 - 0 - ((-11 - -33) + -27)
-8
What is -5 + 1 + (-10 - 8) + 40 + -24?
-6
What is the value of 9 + (13 - (15 - 2)) + (5 - -2)?
16
What is -11 - ((-9 - -1) + -2)?
-1
What is 4 + 15 + (-8 - 9) - (2 + 1)?
-1
1 + (-21 + 15 - (2 + -3))
-4
(18 - (40 - 23)) + -9 + 0
-8
What is the value of (-17 - -6) + (-1 - -4) - 1?
-9
What is -12 - (-24 + 15) - (-7 - 0)?
4
What is the value of 24 + (-56 - -36) - 41?
-37
Calculate 17 + -8 + -9 + (-3 - -22) + -2.
17
6 - ((-11 - -8 - -3) + -8 + 16)
-2
What is -3 + (2 - -6) + 1 + (0 - 4)?
2
Calculate 5 + (-1 + -10 + 4 - -3).
1
Evaluate 15 + -18 - 1 - 14.
-18
(-3 - 14) + -43 + 48
-12
What is -2 - -7 - ((19 - 0) + (6 - 8))?
-12
What is (-24 - -14) + (6 + -9 - 3 - 4)?
-20
Evaluate 0 + -2 + -1 + -27 + 23.
-7
Calculate -6 + (-101 - -87) + (2 - (-1 - 5)).
-12
Calculate 27 - ((-36 - -22) + 26).
15
What is (17 - 23 - 21) + 4?
-23
What is the value of 857 + -834 - (1 - -3)?
19
What is the value of 119 + -104 - (2 + -2 + 0)?
15
What is 3 + -15 + 18 - 26?
-20
(216 - 230) + 1 + 0
-13
-4 - (0 + -1 + 7 + -6)
-4
Calculate -14 + -45 + 40 - -18.
-1
Calculate 40 + (4 - 12) + -9 + -3 + 0.
20
What is (-7 - (-8 + -1)) + -9?
-7
What is 39 + -30 - (32 - -1 - (-8 - -3))?
-29
Evaluate 10 + 1 + (3 - 5) + 3 + -6.
6
Evaluate (1 - (-12 + 0)) + (-19 - -12).
6
What is -12 - (-14 - -2 - -17)?
-17
Evaluate -42 + 41 - (1 - -2 - -8 - -5).
-17
Calculate 7 - (-9 + (10 - 10) - -11).
5
What is the value of -201 + 153 - (1 - 36)?
-13
What is the value of (-90 - -92) + (1 - -1) - (-2 - 0)?
6
What is -9 + (-1 + -27 - -25)?
-12
What is (-28 + 23 - -11 - (0 + 6)) + -7?
-7
Calculate 7 + -8 + 9 + 2.
10
-9 - (6 - 12) - (-4 - (10 - 7))
4
What is the value of -22 + 3 + 7 - (-3 + -1)?
-8
Calculate -1 - (36 - (97 + -36)).
24
Evaluate (2 - 0) + 9 - 2 - (168 - 140).
-19
What is the value of (-28 - (11 + -22)) + 20?
3
-35 + 33 + (11 - (6 + -1))
4
What is (-11 - -2